t common divisor of k and 120?
40
Suppose -q + 2*f = -7, 3*q - 3*f + 8*f + 12 = 0. Let o(m) = 31*m**2 + m. Let i be o(q). Calculate the highest common factor of 8 and i.
8
Let b = 37 - 8. Let p(f) = -f**3 - 7*f**2 - 8*f + 2. Let d be p(-4). Let i = b + d. Calculate the highest common divisor of i and 75.
15
Let z(i) = -118*i + 6. Let u(x) = -39*x + 2. Let y(c) = 20*u(c) - 6*z(c). Let q = 5 - 8. Let d be y(q). What is the greatest common divisor of 20 and d?
20
Let s(t) = 10*t + 147. Let w be s(36). What is the greatest common divisor of 39 and w?
39
Suppose 0 = -141*u + 140*u + 86. What is the highest common factor of u and 43?
43
Let k be 9*23 - 0/((-18)/6). Calculate the greatest common divisor of 46 and k.
23
Let v = -231 + 266. Calculate the highest common divisor of v and 14.
7
Suppose 2*v - 21 = -u - v, -5*v = u - 11. What is the greatest common factor of 45 and u?
9
Suppose -3*w + 15 = -0. Let c be (-635)/(-25) - 2/w. What is the greatest common divisor of 10 and c?
5
Let d be ((-3)/3 - 0)*23. Let c = d + 28. What is the highest common divisor of c and 55?
5
Let z be 17/(-51) - (-7)/3. Suppose z*o = -0*o + 504. Calculate the greatest common factor of 28 and o.
28
Let f = -167 - -100. Let v = 78 + f. What is the greatest common divisor of 88 and v?
11
Let b = 222 + -30. What is the greatest common factor of 6 and b?
6
Let i be -1 + 6 - (-3 - -7). Let d be 3 + -6 - (-4 - i). Let a be 1/2 - (-55)/d. What is the greatest common divisor of 4 and a?
4
Let p = 299 + -248. What is the highest common divisor of 3 and p?
3
Suppose 3038 = 92*j - 2574. What is the greatest common factor of 1891 and j?
61
Let v = -16 + 32. Suppose -1 = -p - r, 8 = -p - 2*r - 2*r. What is the highest common divisor of v and p?
4
Let g(h) = 2*h - 44. Let f be g(25). Calculate the highest common factor of 3 and f.
3
Let f be 6/1 - (-86 - -13). Calculate the greatest common divisor of 3871 and f.
79
Let y(a) = 2*a + 10. Suppose u = 3*u + 4*v - 28, 0 = u - 4*v + 4. Let t be y(u). Calculate the highest common divisor of t and 26.
26
Suppose 0 = x + 3 - 7. Suppose 74 = 2*a + x*l - 134, -3*l = a - 102. Calculate the highest common divisor of 27 and a.
27
Suppose -3*f = f - 24. Let b be (-24)/(f/(-3)) - -2. Let z = 5 + 107. What is the greatest common divisor of z and b?
14
Let n = 515 - 361. Calculate the highest common divisor of 14 and n.
14
Suppose -4 = 4*v + 3*j, 9 = -4*j - 7. Suppose f = 6 - v. Suppose 3*x - 5*q - 14 = -0*q, -2*x = -f*q - 6. Calculate the greatest common factor of x and 91.
13
Suppose 1728*r - 1725*r - 3 = 0. What is the greatest common divisor of r and 85?
1
Suppose 2*v - 9190 = -3*v + 5*u, -5*u = v - 1868. Calculate the highest common factor of v and 19.
19
Suppose -30 = -5*v - 4*p, 3*p = 3*v - 42 - 3. Let s(d) = -d**2 - 22*d + 19. Let t be s(-21). What is the highest common divisor of v and t?
10
Let n be (-18207)/(-68) + -7 + 6/(-8). Calculate the highest common divisor of 325 and n.
65
Suppose -3*g = 3*g - 1050. Let m = -560 - -595. What is the greatest common factor of g and m?
35
Let i = -23 + 24. Suppose 3*t + l = 0, 3*t + 2 = -2*l - i. Suppose -2*y - g - 3 = 0, -2*y - 4 - 4 = 2*g. What is the highest common divisor of t and y?
1
Suppose 12 = 3*r - 4*r - 5*b, 2*r = -b + 21. Calculate the highest common factor of r and 221.
13
Let c(u) = u**3 + 5*u**2 + 3. Let r be c(-5). Let o(v) = 12*v**2 - 3*v - 3. Let s be o(r). Calculate the highest common divisor of 12 and s.
12
Suppose 0 = -2*o + 3*o - x - 28, -x - 52 = -2*o. Let w(z) = z**2 + 8*z - 12. Let y be w(-12). What is the greatest common divisor of o and y?
12
Let s be (-280)/(-49)*7/2. Let m(h) = h**2 + h + 8. Let n be m(0). Calculate the greatest common factor of s and n.
4
Let i = 1 - 1. Let q(v) = -15*v + 249. Let a(g) = 3*g - 62. Let z(o) = -9*a(o) - 2*q(o). Let r be z(i). Calculate the highest common divisor of 150 and r.
30
Let m = 691 - 231. Calculate the greatest common divisor of 184 and m.
92
Let a be (-21)/(-1)*(-6)/(-9). Let x be 12/(-21) - (-190)/a. Suppose -v = -3*w - 19, -3*v + w - x = -46. Calculate the greatest common divisor of v and 10.
10
Let q(m) = 25*m - 169. Let x be q(7). Calculate the greatest common factor of 33 and x.
3
Let i = -59 + 61. Suppose -2*g = 6*j - j - 70, i*g = 10. Calculate the greatest common factor of j and 6.
6
Let b be (-15)/(1*((-2)/14)/1). Let d be (-138)/(-12) + 2/(-4). Suppose -j + d + 4 = 0. Calculate the highest common factor of b and j.
15
Let l = -55 - -83. What is the highest common divisor of l and 112?
28
Suppose -26 = -11*g + 7. Let d be (9/3)/((-1)/(-1)). Suppose -d = m - 9. What is the highest common factor of g and m?
3
Let r = 1239 - 742. Calculate the highest common divisor of r and 14.
7
Suppose -350*s - 35 = -357*s. What is the highest common divisor of s and 55?
5
Suppose 0 = 6*k - 9*k - 72. Let j = 47 + k. What is the greatest common factor of 161 and j?
23
Let v(l) = 23*l**2 + 14*l - 16. Let m be v(4). What is the highest common divisor of m and 255?
51
Let q(c) = 5*c - 3. Let f(d) = d**2 + 8*d + 7. Let m be f(-6). Let y be q(m). Let o be 1 + (y - -2)*-1. What is the highest common divisor of 3 and o?
3
Suppose 2*a - 900 = w, 0 = 4*a + w - 2059 + 271. What is the greatest common factor of 512 and a?
64
Let t = 1533 + -429. What is the highest common factor of t and 48?
48
Suppose -51*i + 322 = -290. Calculate the greatest common divisor of 44 and i.
4
Suppose 0 = -14*q + 123 - 11. Let y = 6 - 3. Let s = y + 13. Calculate the greatest common divisor of s and q.
8
Let b = -629 - -1147. Calculate the greatest common factor of 14 and b.
14
Let r(n) be the second derivative of -5*n**3/2 + 8*n**2 + 33*n. Let g be r(-5). Calculate the greatest common factor of 13 and g.
13
Let i be 78/26*(-190)/(-2). Calculate the highest common factor of i and 19.
19
Suppose 11*j - 815 = 637. Calculate the highest common divisor of 24 and j.
12
Suppose -18 = -n - 14. Suppose 0*k + 124 = 4*g + k, n*g = 4*k + 104. Let w be 1144/g + 2/(-15). What is the greatest common divisor of w and 19?
19
Suppose 405 + 906 = 19*o. What is the greatest common factor of o and 46?
23
Let y = -2257 - -2383. What is the greatest common divisor of 1197 and y?
63
Let m be 9*((-2)/(-6) - -1). Let y(k) = -3*k + 11. Let p be y(7). Let u be (-74)/(-12) + p/60. What is the highest common divisor of u and m?
6
Suppose -340 = 10*g - 44*g. What is the greatest common divisor of 2 and g?
2
Suppose 8 = -2*a, -3*d + 185 = -0*d - 2*a. What is the highest common divisor of 3 and d?
1
Let s(o) = -o**3 + 26*o**2 - 2*o + 64. Let k be s(26). What is the greatest common factor of k and 39?
3
Let c be 14/4 - 2/(-4). Suppose c + 8 = 3*h. Let v be 6/(-2)*(-31 - (-616)/24). Calculate the highest common divisor of v and h.
4
Suppose m + m = 162. Suppose -b - 2*b = -m. Let n(c) = -3*c**3 - c**2 - 14*c - 13. Let v be n(-1). What is the greatest common divisor of v and b?
3
Suppose 0 = -8*i + 4*i + 52. What is the greatest common divisor of 143 and i?
13
Let a(k) = 3*k**2 + 8*k + 10. Let b be a(-4). What is the highest common factor of b and 8?
2
Let c = 1892 - 1372. Calculate the greatest common factor of 40 and c.
40
Let q(t) = -t**3 + 7*t**2 + 12*t - 8. Let p be q(8). Suppose -4*k = -48 - 0. Calculate the highest common factor of k and p.
12
Let g = 243 + -163. Let n = 75 + -21. Let w = g - n. What is the highest common factor of w and 208?
26
Let w(r) = -r**3 - 34*r**2 - 36*r - 3. Let o be w(-33). Calculate the greatest common divisor of o and 416.
32
Let x(g) = -g**2 + 11*g - 9. Let a be x(9). Suppose -l + 2 = -a. What is the highest common divisor of l and 55?
11
Let h = -77 + 128. Let j be ((-4)/3 - -2)*h. What is the greatest common factor of 136 and j?
34
Let i be 49 - (-2)/(-1 + -1). Suppose -2*c = -2*w - 22, 4*w + 16 + 8 = 2*c. Let u = 22 + c. What is the highest common factor of u and i?
16
Let v = -29 - -60. Suppose 2*u - 66 = 4*m, 12*u + 4*m + 159 = 17*u. What is the highest common factor of u and v?
31
Let b be 4/(-16) + (-125)/(-20). What is the greatest common divisor of b and 3?
3
Suppose -839 - 178 = 3*o. Let y = -141 - o. Let s be (-1)/2*-36*1. What is the greatest common factor of y and s?
18
Suppose 2*m - 5*m + 9 = 0. Let a be (144/15 + -4)*15. Suppose -r - a = -l + r, -3*r 